3)/b - s/4.
13
Suppose 0 = -3*o - 19 + 94. List the prime factors of o.
5
Suppose 3*j - z = 3, z = -4*z. Let f(w) = 2*w**2 + w - 1. Let u be f(1). Suppose -u*r + 8 = 3*g + j, -4*g - 5*r = -7. What are the prime factors of g?
3
Let t(p) = -69*p + 3. What are the prime factors of t(-1)?
2, 3
Let d(x) = 3*x**2 + 5*x + 2. List the prime factors of d(-3).
2, 7
Suppose -3*q = 0, -2*s - 2*q + 4 = -3*q. Suppose -s*l - 1 - 1 = 0, -36 = -5*p + l. List the prime factors of p.
7
Suppose 2*v - 5*x + 2 = 0, 5*v + 5 = 4*x + 34. Suppose o = 2*o - v. List the prime factors of o.
3
Let i(v) = v**3 - v + 2. Let l be i(2). Suppose -p + 6*p = 2*q - 15, 0 = -4*q + 20. Let a = l - p. What are the prime factors of a?
3
Suppose j = -n + 38, 2*j - n - 72 = n. Let u = 55 - j. What are the prime factors of u?
2, 3
Let s(x) = x**2 - 2*x - 6. Let q be s(-7). Suppose 3*n - 5*r + 11 = 4*n, -5*n = -3*r + q. Let u(p) = p + 16. What are the prime factors of u(n)?
7
Let a(z) = -z + 1. Let o be a(-2). Suppose -o*d - 14 = -d. Let v = d + 14. What are the prime factors of v?
7
Let m(q) = 5*q**2 - 4*q + 4. Let d be m(-6). Suppose -d = -g - 3*g. List the prime factors of g.
2, 13
Let h(r) = r - 6. Let p be h(9). Suppose -5*w + 61 = 3*v, -p*w + 5*w - 2*v = 34. What are the prime factors of w?
2, 7
Let u be (2 - (6 + -3))*0. Suppose -f = -u*f + 4. Let l(s) = -2*s + 1. What are the prime factors of l(f)?
3
Suppose 0 = -4*c - 39 - 21. Let s = -8 - c. What are the prime factors of s?
7
Let w(i) = i**3 + i**2 - 17. Let y be w(0). Let c = 24 + y. What are the prime factors of c?
7
Suppose 0 = -2*b + 4*b - 4. Let c be (b - (2 - -1)) + 3. Suppose 0 = 4*s - 3*y - 34, -61 = -5*s - c*y - 7. List the prime factors of s.
2, 5
Let p be 7 - 2 - (0 - 1). Suppose 0 = -4*w + 38 + p. What are the prime factors of w?
11
Suppose -3*g = 5*m, 3*m - 2*m - 2*g = -13. Let c = -5 - m. Let v = 19 + c. List the prime factors of v.
17
Let l(a) = 2*a**3 - 4*a**2 - a + 2. Let w be l(3). Suppose 0 = 2*v - w + 1. What are the prime factors of v?
2
Let u(t) = 3*t**2 + 6*t - 7. What are the prime factors of u(-7)?
2, 7
Let x be 1/((-2)/(-10)*-1). Let y(h) = -h**3 - 4*h**2 - h - 2. What are the prime factors of y(x)?
2, 7
Suppose -5*o + 80 + 16 = -2*l, 2*o = 5*l + 240. Let u = -32 - l. Suppose -7*j = -3*j - u. What are the prime factors of j?
2
Suppose 3*y = 4*y - 4*o - 48, -5*y = 5*o - 165. What are the prime factors of y?
2, 3
Let l be 8/2*3/6. Let y(g) = -5 - 4*g + l + 0 + 5*g. List the prime factors of y(5).
2
Let w = 48 - 20. Suppose -o = 3*o + w. Let m = o + 13. What are the prime factors of m?
2, 3
Let b(p) = p**3 + p + 2. Let q be (2 - 2)*(-3)/(-6). List the prime factors of b(q).
2
Let l(p) = 15*p - 4. List the prime factors of l(2).
2, 13
Let o be (-2)/(-1) + 3 + 0. Suppose 3*z = -6, -2*z - 3 = -3*n - o*z. What are the prime factors of n?
3
Suppose 5*l - 3*b + 2 = -0*b, 3*l = -2*b - 5. Let r be 2 + 2 + l/1. Suppose -47 = -3*a - r*w - 5, 0 = -a + 5*w - 10. What are the prime factors of a?
2, 5
Let m = -8 - -13. Suppose -4*k - 4*h + 72 = 0, -3*k - 4*h + m*h = -50. What are the prime factors of k?
17
Let h = -4 - -71. Suppose -3*j - 5*a = -h, -3*j + a = -4*a - 17. List the prime factors of j.
2, 7
Let g(c) = -2 - 1 - c + 2*c + 3*c. Let u be g(6). Suppose -2*x - 7 = l - u, 8 = 2*l - x. List the prime factors of l.
2, 3
Let s = -246 - -383. What are the prime factors of s?
137
Let b = -12 + 17. Suppose 0 = -b*a + 38 - 13. What are the prime factors of a?
5
Suppose 0 = q - 3*q. Suppose -4*k = -o - o - 54, q = 3*k + o - 33. Let d = 23 - k. What are the prime factors of d?
11
Let i(z) = 3*z - 2. Let m be i(4). Suppose 0*w - 94 = -3*w - k, w - 5*k - m = 0. Suppose -w = -5*s + 20. What are the prime factors of s?
2, 5
Let a = 1 - 1. Suppose -4*f + 34 = -2*q + 3*q, 3*f - 4*q - 35 = a. List the prime factors of f.
3
Let i be (-2 - (-5)/4)*4. Let n = 8 + i. Suppose -3*o + 30 = 4*j, -15 = -n*o + 3*o - j. What are the prime factors of o?
2, 3
Let t(m) = m**2 + 7*m - 24. What are the prime factors of t(-16)?
2, 3, 5
Let z(x) = -x + 8. Let g be z(8). Suppose -3*s - q = 4*q - 43, g = -3*s + 3*q + 51. What are the prime factors of s?
2
Suppose -t = 3*l - 8, -l + 0*l = -2*t - 5. What are the prime factors of (-28)/(0 - t - 2)?
2, 7
Let b(j) = j**2 + 7*j - 13. Let x be b(-9). Let v(i) = i - 1. Let c be v(x). Let w = c - -2. What are the prime factors of w?
2, 3
Suppose 11 = 3*p - 7. List the prime factors of (p/8)/((-8)/(-192)).
2, 3
Let q(p) = -p**3 + 7*p**2 + 9*p - 2. What are the prime factors of q(8)?
2, 3
What are the prime factors of 1 + -3 + 20/1?
2, 3
Let o = 2 - 2. Suppose f - 6 = -o*f. List the prime factors of f.
2, 3
List the prime factors of -5 + (9 - -2) + 236.
2, 11
Let b(r) = r**3 + 8*r**2 - 4*r - 11. List the prime factors of b(-8).
3, 7
Let f(j) = -j**3 + 8*j**2 + 3*j + 10. List the prime factors of f(8).
2, 17
Suppose 0 = 5*s - 3*w - 30, 0 = -3*s + 4*w + 14 + 15. What are the prime factors of (-8)/s*30/(-8)?
2, 5
What are the prime factors of 65 - (-6 + 3)*1?
2, 17
Suppose 4*b + 0*b + 3*p - 22 = 0, -14 = -2*b - 3*p. Suppose 2*k - 19 = 5*i - 2*i, -5*k + 65 = -b*i. List the prime factors of k.
17
Let x = 8 - 5. Suppose 0 = -x*p + 6, -3*b - p + 20 = -3*p. What are the prime factors of b?
2
What are the prime factors of 40/12*-26*3/(-2)?
2, 5, 13
Suppose -5*z = -8*z + 90. What are the prime factors of z?
2, 3, 5
Suppose m = 2*m + 3. Let r = m - -5. List the prime factors of r.
2
Suppose 2*v = -5*n + 354, 0 = -4*v - n + 844 - 172. Suppose -4 = -3*c + v. Suppose -5*w = -8 - c. What are the prime factors of w?
13
Let z(x) = 2*x + 60. Let o be z(0). Let n be (-21)/(-5) + 1/(-5). Suppose n*g - o = -g. What are the prime factors of g?
2, 3
Suppose 2*x + h - 26 = 0, 0*h = 3*x + 3*h - 33. What are the prime factors of x?
3, 5
Suppose -r - 3*r + 28 = -2*h, 28 = 4*r - h. Suppose -3*b - 12 = -r*b. What are the prime factors of b?
3
List the prime factors of (60/9)/(6/9).
2, 5
Let z(t) = -8*t + 1. Suppose 0 = 2*b + 2*b + 4. What are the prime factors of z(b)?
3
Let g(r) = 2*r**3 - 6*r**2 + 6*r - 6. What are the prime factors of g(4)?
2, 5
Let a(x) be the second derivative of -x**3/6 + 11*x**2/2 - 2*x. List the prime factors of a(0).
11
Let t(b) = 2*b - 8. Let o = 6 + 0. Let f be t(o). List the prime factors of (6/f)/((-6)/(-8)).
2
Suppose -2*o = -4*h + 38, 3*h - 4 - 2 = -3*o. List the prime factors of h.
7
Suppose 5*h + 12 = -l, -2*h = 4*l - h + 48. What are the prime factors of -6*(2 + 76/l)?
2, 13
Let g = 144 + -93. What are the prime factors of g?
3, 17
Let s(g) be the second derivative of -g**5/60 - g**4/24 + 2*g**3/3 - g. Let f(k) be the second derivative of s(k). What are the prime factors of f(-11)?
3, 7
Suppose 2 = -2*t - 4. Let o be (0 + t)*-1 - -1. List the prime factors of 0 + o/((-4)/(-17)).
17
Let i(k) = -k**2 - 8*k - 6. Let y be i(-7). Let w = y + 4. List the prime factors of w.
5
Let d = 299 - 203. List the prime factors of d.
2, 3
Let y = 15 + -4. What are the prime factors of y?
11
Suppose -159 = -3*t + 2*l, -3*l = -2*l. List the prime factors of t.
53
Suppose 0 = -5*r + 4*b + 1806 - 610, 2*r + b - 481 = 0. List the prime factors of r.
2, 3, 5
Suppose 6*n = n - 30. Let g(b) = b**3 + 6*b**2 - 4*b + 3. Let t be g(n). What are the prime factors of (-1 + -1)/((-6)/t)?
3
Let j = 6 + -9. List the prime factors of (19/2 + j)*4.
2, 13
What are the prime factors of (10/20)/(1/28)?
2, 7
Let a = 367 + -170. List the prime factors of a.
197
Let a = 969 + -539. What are the prime factors of a?
2, 5, 43
Let a be 1*(5 + 0/(-2)). Let p(d) = d + 2 + 1 - a. What are the prime factors of p(6)?
2
Suppose -2*h + 0*p = -2*p - 32, -51 = -3*h + 4*p. List the prime factors of h.
13
Let x(c) = 13*c**3 - c**2 - c + 1. Let l be x(1). Let r = 9 + l. Let b = r + -13. What are the prime factors of b?
2
What are the prime factors of -3*(-2 - -1) - (-4 + -108)?
5, 23
Let y(i) = -i + 2. Suppose 0 = -2*u + 6*u + 44. List the prime factors of y(u).
13
Let w(k) be the third derivative of k**6/120 - 13*k**5/60 + 7*k**4/12 - k**3/3 + 4*k**2. Let h be w(12). Suppose 3*q - h = q. List the prime factors of q.
11
Let o be (-2)/14 - (-41)/(-7). Let v = o + 21. What are the prime factors of v?
3, 5
Suppose 5 = -f + 2*f. Let y be 16*(1 + 21/6). Suppose